prime factors of (((-217881)/(-18))/(-43))/((-1)/54)?
3, 563
Let b = -40892 + 72405. What are the prime factors of b?
31513
Suppose 0 = 9*w - 96 - 327. Let a = -26 + w. Suppose 3*d + 5*u - 222 = 0, -2*u = -5*d - a + 360. List the prime factors of d.
3, 23
Let c be -18*(-2734)/15 - (-3)/15. Suppose 334 = 5*x - c. What are the prime factors of x?
3, 241
Let z be 9/(-6)*(-912)/72. Suppose -5*r + 2*c + 553 + 2853 = 0, -4*c + 668 = r. Suppose -24*n = -z*n - r. What are the prime factors of n?
2, 17
Let t = -9557 - -14406. List the prime factors of t.
13, 373
Suppose 10*p + 2*y = 7*p + 9, 4*p - 2*y - 26 = 0. Suppose p*v = -5*v + 10990. List the prime factors of v.
7, 157
Let k be 79/7 - (-42)/(-147). Suppose 5*r - k = 4*u, -3*u - u = r - 7. Suppose -15 = r*s - 8*s. List the prime factors of s.
3
Suppose -2*w = w - 12. Suppose 2 + 10 = w*s. Let c(i) = 3*i + 7. List the prime factors of c(s).
2
Let f = 188 - 188. Suppose f = -12*o + 255 + 2169. List the prime factors of o.
2, 101
Let u = -166 - -70. Suppose 4*b = -2*b + 1554. Let c = u + b. List the prime factors of c.
163
Let v = 1796 - -2482. List the prime factors of v.
2, 3, 23, 31
Let i = 130 + -127. Suppose 5*q - z = 15, 0*z - i*z + 31 = 4*q. Suppose q*d - 54 = -o - d, -3*o + 201 = 2*d. What are the prime factors of o?
3, 23
Let a(v) = -3*v**3 - v**2 - 14*v - 6. Let n = 178 - 182. What are the prime factors of a(n)?
2, 113
Let n(d) = 30*d + d**3 - 29*d + d**2 + 4*d**2 - 4*d**2 + 2. Let f be n(0). Suppose -6*i = 4*z - f*i - 448, -348 = -3*z + 3*i. List the prime factors of z.
2, 3, 19
Suppose z + 3*z - 3*b = 419, 5*z + 2*b - 518 = 0. Let g(m) = -3*m**2 + 186*m + 932. Let v be g(-5). Let q = z + v. What are the prime factors of q?
31
Let q = 10492 + -4922. List the prime factors of q.
2, 5, 557
Suppose 4*v = -0*v + 32. Suppose v*l = -l + 45. Suppose -l*a - 6*d + d = -725, -a - 3*d + 137 = 0. List the prime factors of a.
149
What are the prime factors of 809955/360*(-48)/(-2)?
3, 41, 439
Suppose -7*k + 28 = 7. Suppose -13*g - 877 = -2*m - 18*g, k*g + 1793 = 4*m. What are the prime factors of m?
2, 223
Suppose -19269 = 9*n - 7010 - 92098. List the prime factors of n.
3, 2957
Let q = 50 - 29. What are the prime factors of 9/q + 11249/49?
2, 5, 23
Let l = 601 + -596. Suppose -40*t - 4*d - 3017 = -43*t, l = 5*d. What are the prime factors of t?
19, 53
Let d = -10610 + 29045. What are the prime factors of d?
3, 5, 1229
What are the prime factors of (-12)/9*(-117)/(-156)*-1689?
3, 563
Let b(x) = 115*x - 37*x + 20 - 49*x + 9. Let d be b(14). Suppose 12*r = -d + 1863. What are the prime factors of r?
7, 17
List the prime factors of (-211045)/(-35) + 8/56.
2, 3, 5, 67
Let j = -71 - -76. Let y(d) = d**2 - 4*d - 5. Let s be y(j). Suppose -5*g + 25 = s, 4*u = -4*g + 179 + 89. List the prime factors of u.
2, 31
Suppose 0 = 2*m - 0 - 2. Let s(b) = 215*b + 2. Let i be s(m). List the prime factors of i - (3/(-9))/(1/(-3)).
2, 3
Suppose 4*u + 20*x - 64564 = 0, 3*u = 5*x + 13723 + 34580. List the prime factors of u.
16111
Let d be -3 + (2 - 92) - 3. What are the prime factors of ((-198)/7)/(d/448)?
2, 3, 11
Let t(s) = 29*s**2 + 7*s. Suppose -11 = 33*k + 88. List the prime factors of t(k).
2, 3, 5
Let a = 30 - -14438. What are the prime factors of a?
2, 3617
Suppose 3569 = 5*q - 4*h - 4010, -3034 = -2*q + 4*h. List the prime factors of q/(-25)*(-3 + -2).
3, 101
Let w(g) = 2*g**3 + 6*g**2 - g - 3. Let l be w(-3). Suppose 0 = -l*z + z - 4. Suppose z*k - 347 = 5*j, -3*j - 191 = -2*k - 4*j. List the prime factors of k.
3, 31
Suppose 7*r + 103 = -303. Let y be (1 - (-2)/(-1)) + 11252/r. Let x = 35 - y. List the prime factors of x.
2, 5, 23
Suppose -9 = -3*u + 3. Suppose 5*m - 3*m - 213 = -3*w, w + u*m - 81 = 0. What are the prime factors of w?
3, 23
Let z be (1*4/12)/(3/63). Suppose -1122 - 327 = -z*l. Suppose 0 = -3*x + 42 + l. What are the prime factors of x?
83
Let o(n) = -917*n + 1262. What are the prime factors of o(-20)?
2, 3, 11
Let o be 8/40 - 28/(-10). Suppose p - 5*l + 26 = 0, 0 = p + 2*p - o*l + 30. List the prime factors of 83 - 1 - p/(-2).
79
Suppose a - 7 = -p, 0 = -5*a + 6*a - 1. Suppose p*o + 0*o - 486 = 0. List the prime factors of o.
3
Let r = 43377 - 32011. List the prime factors of r.
2, 5683
Suppose -2*h = 4*y - 2*y + 4, 10 = -4*h - 5*y. Let i be ((-1)/(-4) + (-45)/60)*(-1768 + -2). Suppose h = c - 6*c + i. List the prime factors of c.
3, 59
Let y(c) = -1153*c + 97. List the prime factors of y(-4).
17, 277
Let p(i) = 2*i**2 + 5*i - 22. Let m be 1/(-3*3/(-108)*-2). Let j be p(m). Suppose -q + 313 = 2*q - 2*u, 0 = 4*u + j. List the prime factors of q.
101
Let o(m) = m**2 - 2*m - 11. Let i(f) be the third derivative of f**6/20 - f**5/60 - f**4/24 + f**3/6 - f**2. Let x be i(1). What are the prime factors of o(x)?
2
Let m(s) = -6*s + 7. Suppose f + 4*f + 20 = 0. Let r be m(f). Suppose 0 = 5*q - 429 - r. What are the prime factors of q?
2, 23
Let x(i) = -i**2 - i + 6. Let d be x(-10). Let j = 74 + d. What are the prime factors of 40/(-100) + (-1384)/j?
2, 3, 23
Let n(q) = -19*q + 5. Let d be n(0). Suppose 4*c = d*l - 4209, -c - 842 = 14*l - 15*l. List the prime factors of l.
29
Suppose -15*q = 2*q - 170. Suppose q*p - 106 = 4. Suppose -p*v = 78 - 749. List the prime factors of v.
61
Suppose -5*q + 3 - 23 = 0, -4*h + 5*q = -80. Let z = -11 + h. Suppose 4*l - 5*a + 8*a = 198, 0 = -4*l - z*a + 200. What are the prime factors of l?
2, 3
Let l = -303 + 1183. Suppose -883*p + l*p = -2181. List the prime factors of p.
727
Suppose 5*g = 4*k + 17, k - 17 = -3*g - 0*g. Suppose 0 = -4*a - g*p - 0*p + 2521, -p + 3125 = 5*a. What are the prime factors of a?
2, 3, 13
Let c = -414 + 414. Suppose -22*j + 67*j - 16965 = c. What are the prime factors of j?
13, 29
Suppose -2*h - h + 5*z - 23 = 0, -2*z = -2*h - 14. Let l(p) = 20*p**2 + 10*p + 32. List the prime factors of l(h).
2, 173
Let o = 19494 + 157. What are the prime factors of o?
43, 457
Suppose -3*h + 4 = 4*o, 7*h - 3*h - 18 = o. What are the prime factors of -1 + -5 + (9 + 781 - h)?
2, 3, 5, 13
Suppose 23*n - 22*n + 3 = 0. Let r = n + 40. Let w = 13 + r. List the prime factors of w.
2, 5
Let j(f) = f + 29. Let u be j(0). Let t = 49 - u. Suppose -k - 7*m = -2*m - 24, -t = -k - 4*m. List the prime factors of k.
2
Let v be 1919/3 - 39/(-117). Let j = -294 + v. List the prime factors of j.
2, 173
Suppose -4*h + 5*p + 3 = 0, 2 + 11 = 5*h + 3*p. Suppose 0 = 4*w - 2*w + 3*z - 44, 2*z - 44 = -h*w. List the prime factors of w.
2, 11
Suppose -12 = 3*x, 3*b + 5*x + 8 = -6. Suppose 5*c - q - b*q = 1139, -2*c = -3*q - 452. What are the prime factors of c?
229
Suppose 52*v - 4169804 + 24468 = 0. List the prime factors of v.
2, 23, 1733
Let t(g) = 15*g**2 - 14*g - 28. List the prime factors of t(-16).
2, 1009
Suppose -11*m = -419 + 67. Suppose m*g - 9314 = 4926. List the prime factors of g.
5, 89
Let q be 2/(-6) + (5152/3 - 1). Suppose -v - q = -5*v. List the prime factors of v.
3, 11, 13
Let l be -926 + (12/30)/((-2)/10). Let s = l + 1326. What are the prime factors of s?
2, 199
Let a(o) = 5530*o + 600. What are the prime factors of a(5)?
2, 5, 113
Let f = -271 + 515. Suppose q - 52 = 3*o + f, -q + 2*o = -301. What are the prime factors of q?
311
Suppose -4*i = -5*a - 681, a - 4*i = -2*i - 135. Suppose 6*v = -447 + 3. Let m = v - a. What are the prime factors of m?
3, 7
Let o(p) = -1923*p - 3234. What are the prime factors of o(-18)?
2, 3, 5, 523
Let q = -54 + 62. Suppose -10 - 14 = -q*s. Suppose -7*p + 367 = -3*p - 3*l, 0 = 5*p - s*l - 455. What are the prime factors of p?
2, 11
Let w(b) be the second derivative of -b**3/2 + 6*b**2 + 35*b. Let f be w(4). Suppose 5*z - 626 = g, -z + f*z + 5*g + 106 = 0. List the prime factors of z.
2, 3, 7
Suppose -5*z - 159 = 91. Let d = 76 + z. Let o = d + 151. What are the prime factors of o?
3, 59
Let f(v) = 8*v**2 + 30 - 43 + 0*v + v**3 - 2*v. Let b be f(-8). Suppose -4*w = 2*h - 25 - 35, 4*w = -b*h + 62. What are the prime factors of w?
2, 7
Suppose 3*r = 5*i - 0*r - 56, 3*i - 27 = 4*r. Suppose -i*f + 3870 = -3*f. List the prime factors of f.
3, 43
Let b be (-1)/((-9)/(-2) + -4). Let r be (10/5)/(b/(-3)). Suppose 4 = w - r*d + 2, 0 = 4*w + 5*d - 76. List the prime factors of w.
2, 7
Let u = 33372 + 257. What are the prime factors of u?